e highest common factor of 23504 and 546?
26
What is the greatest common factor of 80 and 2336?
16
Calculate the highest common factor of 26730 and 6270.
330
Calculate the greatest common factor of 20 and 248260.
20
What is the highest common factor of 138 and 1002?
6
What is the highest common divisor of 532 and 25396?
28
What is the greatest common divisor of 2064 and 69488?
688
What is the greatest common factor of 56508 and 765?
51
What is the highest common factor of 864 and 128?
32
What is the highest common factor of 1456 and 23842?
182
What is the greatest common factor of 3796 and 43836?
52
Calculate the highest common factor of 94203 and 1647.
27
What is the highest common divisor of 189105 and 6?
3
Calculate the highest common divisor of 294315 and 735.
105
What is the highest common factor of 1479110 and 2110?
2110
What is the greatest common factor of 10020 and 270?
30
Calculate the highest common factor of 1932 and 448.
28
What is the greatest common divisor of 1078010 and 7085?
545
What is the greatest common divisor of 1234642 and 34?
34
What is the highest common factor of 816 and 11866?
34
What is the highest common divisor of 76 and 22904?
4
What is the greatest common divisor of 20 and 15288?
4
Calculate the greatest common factor of 4425 and 120.
15
Calculate the highest common factor of 11703 and 4980.
249
What is the highest common divisor of 172569 and 69?
69
What is the greatest common factor of 57260 and 455?
35
Calculate the greatest common divisor of 505780 and 1254.
418
Calculate the greatest common divisor of 23 and 522583.
23
Calculate the highest common divisor of 9339 and 429.
33
What is the highest common factor of 399012 and 492?
492
Calculate the highest common divisor of 84 and 819912.
12
Calculate the highest common divisor of 65348 and 544.
68
Calculate the highest common factor of 11380 and 100.
20
What is the greatest common divisor of 244412 and 392?
196
Calculate the greatest common divisor of 82 and 56006.
82
Calculate the highest common divisor of 4688 and 160.
16
Calculate the greatest common divisor of 735075 and 18.
9
Calculate the greatest common factor of 820 and 3067005.
205
Calculate the highest common factor of 16348 and 3216.
268
Calculate the greatest common divisor of 7722 and 43956.
594
Calculate the highest common divisor of 1575742 and 294.
98
What is the greatest common factor of 27406 and 994?
142
What is the highest common factor of 31291 and 1885?
377
What is the highest common factor of 1125 and 333?
9
What is the highest common divisor of 3799 and 102283?
29
What is the greatest common divisor of 22986 and 27?
9
What is the greatest common factor of 434469 and 238?
119
Calculate the greatest common factor of 574 and 6027.
287
Calculate the highest common divisor of 24 and 186168.
24
Calculate the greatest common factor of 42 and 43015.
7
What is the greatest common divisor of 10647 and 399?
21
What is the highest common divisor of 552 and 513222?
138
Calculate the greatest common divisor of 19067 and 184.
23
Calculate the greatest common factor of 97405 and 11.
11
Calculate the highest common divisor of 357258 and 132.
66
What is the greatest common divisor of 264 and 3420?
12
Calculate the greatest common divisor of 1182495 and 2015.
155
What is the greatest common divisor of 60 and 518664?
12
What is the highest common divisor of 152 and 395770?
38
Calculate the highest common divisor of 473925 and 15.
15
Calculate the greatest common divisor of 111 and 99493.
37
Calculate the greatest common divisor of 4292712 and 12.
12
What is the greatest common factor of 9 and 3603?
3
Calculate the highest common factor of 1392 and 2422.
2
Calculate the greatest common factor of 2982 and 2670807.
213
Calculate the highest common factor of 2698 and 4118.
142
Calculate the highest common factor of 92 and 28.
4
What is the highest common factor of 121152 and 1728?
192
What is the highest common factor of 779127 and 578?
17
Calculate the greatest common divisor of 1989 and 2142.
153
Calculate the highest common divisor of 4 and 331484.
4
What is the highest common divisor of 21106 and 17812?
122
What is the highest common factor of 2222 and 671?
11
Calculate the highest common divisor of 76 and 1912.
4
Calculate the highest common divisor of 27320 and 2680.
40
Calculate the greatest common factor of 54 and 5364.
18
What is the greatest common factor of 118 and 22535876?
118
Calculate the greatest common factor of 15328 and 170045.
479
Calculate the highest common factor of 25 and 4253575.
25
Calculate the greatest common divisor of 3397 and 344.
43
Calculate the greatest common factor of 651 and 13392.
93
What is the highest common divisor of 914328 and 2142?
306
What is the greatest common divisor of 2773 and 93953?
47
Calculate the highest common divisor of 23104 and 64.
64
What is the highest common divisor of 29208 and 8808?
24
What is the greatest common divisor of 201 and 2654942?
67
What is the highest common divisor of 2300 and 27324?
92
Calculate the highest common factor of 1978 and 1759431.
989
What is the greatest common divisor of 23435 and 19436?
43
Calculate the greatest common divisor of 5762 and 4472.
86
Calculate the highest common divisor of 12933 and 27.
27
What is the greatest common divisor of 574480 and 645?
215
Calculate the greatest common factor of 134090 and 217580.
2530
Calculate the greatest common factor of 115600 and 26800.
400
Calculate the highest common divisor of 13662 and 90.
18
What is the highest common factor of 456 and 1268136?
456
Calculate the greatest common factor of 64 and 41392.
16
Calculate the highest common divisor of 17 and 200957.
17
What is the greatest common factor of 9150 and 30150?
150
Calculate the greatest common divisor of 256 and 2304.
256
Calculate the highest common divisor of 15100 and 80.
20
Calculate the highest common divisor of 867 and 6817.
17
What is the highest common divisor of 2273293 and 298?
149
What is the highest common factor of 3905 and 1065?
355
What is the highest common divisor of 26406 and 22194?
162
Calculate the greatest common divisor of 616 and 14322.
154
What is the highest common divisor of 43228 and 404?
404
Calculate the highest common divisor of 7370 and 7480.
110
Calculate the highest common factor of 7 and 1479.
1
Calculate the greatest common factor of 652 and 242218.
326
What is the greatest common divisor of 244728 and 2904?
264
Calculate the greatest common factor of 54 and 4021893.
27
What is the greatest common divisor of 564 and 225741?
141
What is the greatest common divisor of 16 and 483568?
16
What is the greatest common divisor of 5063 and 83?
83
What is the greatest common factor of 22530 and 150?
30
Calculate the greatest common divisor of 125 and 49.
1
Calculate the highest common factor of 1127 and 36869.
161
What is the greatest common divisor of 129115 and 4690?
35
What is the greatest common factor of 709200 and 25?
25
Calculate the greatest common factor of 20493 and 4290.
33
Calculate the greatest common factor of 2176 and 2006.
34
Calculate the greatest common factor of 209 and 18107.
19
What is the greatest common factor of 247 and 14963?
13
What is the highest common divisor of 1582 and 10540866?
1582
Calculate the greatest common factor of 612 and 646068.
204
What is the highest common divisor of 984 and 3845964?
492
Calculate the highest common divisor of 23111 and 1528.
191
What is the greatest common divisor of 594048 and 17?
17
What is the highest common divisor of 117997 and 51?
17
What is the highest common divisor of 20 and 202?
2
Calculate the highest common divisor of 2962416 and 144.
48
What is the greatest common divisor of 2564588 and 298?
298
Calculate the highest common factor of 805 and 5175.
115
What is the greatest common divisor of 6276 and 396?
12
Calculate the greatest common divisor of 53179 and 214.
107
What is the greatest common factor of 4193214 and 2292?
1146
What is the highest common factor of 50511 and 1788?
447
Calculate the greatest common divisor of 58672 and 2702.
386
Calculate the highest common factor of 1133 and 3193.
103
Calculate the greatest common divisor of 1102 and 577999.
551
Calculate the greatest common factor of 336 and 23149.
7